 is 1101 + -2?
1022
In base 16, what is 61 + -64?
-3
In base 15, what is c2 + -14?
ad
In base 9, what is 4 - -100?
104
In base 15, what is -3 + 4c?
49
In base 9, what is 628 + 1?
630
In base 15, what is -3a + 53?
18
In base 12, what is 4 - 49?
-45
In base 2, what is -1110 + 1010?
-100
In base 4, what is -3 - 123?
-132
In base 5, what is 12230 - 3?
12222
In base 3, what is -20002 + -100?
-20102
In base 13, what is 7 + -29a?
-293
In base 13, what is 4 + -84?
-80
In base 8, what is 16 + 2?
20
In base 13, what is -a + 5?
-5
In base 16, what is -c59 + 4?
-c55
In base 2, what is 101 + -101001?
-100100
In base 4, what is 3323 - 3?
3320
In base 8, what is -101 + 1?
-100
In base 5, what is 114 + -2?
112
In base 2, what is -10000 - -10?
-1110
In base 2, what is -1000000 + 1?
-111111
In base 12, what is -268 - 2?
-26a
In base 2, what is 11 + 1001?
1100
In base 3, what is -121220 + 1?
-121212
In base 13, what is 0 + 3b?
3b
In base 5, what is 14444 - -3?
20002
In base 15, what is 2 - -36?
38
In base 11, what is -3 - -1a4?
1a1
In base 4, what is -1121 - 1?
-1122
In base 12, what is 534 - -4?
538
In base 2, what is -101 - 11001?
-11110
In base 11, what is -5 + -104?
-109
In base 10, what is 1 + -37?
-36
In base 4, what is -10100210 - 0?
-10100210
In base 16, what is 5 + -1fb?
-1f6
In base 8, what is 22 - 10?
12
In base 11, what is 1 + -4?
-3
In base 9, what is 65 - -20?
85
In base 2, what is -1111010010 + 0?
-1111010010
In base 3, what is 21201 + 10?
21211
In base 4, what is 1212 + 131?
2003
In base 8, what is 0 + 221?
221
In base 6, what is 13 - -24102?
24115
In base 15, what is 4 + -a?
-6
In base 2, what is -11 - 1011000?
-1011011
In base 7, what is -102 + 43?
-26
In base 12, what is -1 - -b7?
b6
In base 2, what is 1 + -1000?
-111
In base 14, what is 4 - -1d?
23
In base 3, what is -110 + -12?
-122
In base 15, what is 4 + 3c?
41
In base 9, what is 4761 + -4?
4756
In base 8, what is -1425 - 1?
-1426
In base 16, what is -80 + 5?
-7b
In base 8, what is 5 + 374?
401
In base 6, what is -2 - 145?
-151
In base 8, what is 475 + -4?
471
In base 7, what is 113 - -40?
153
In base 3, what is 10 + -2120?
-2110
In base 8, what is 13 - 146?
-133
In base 15, what is 12 + -42?
-30
In base 11, what is 1 + -888?
-887
In base 5, what is -113002 - 10?
-113012
In base 15, what is 3 + -d0?
-cc
In base 15, what is 0 - 793?
-793
In base 11, what is 1 - 3620?
-361a
In base 5, what is 4 - 311?
-302
In base 10, what is -7 - 320?
-327
In base 14, what is -38 + a?
-2c
In base 16, what is -5 - 279?
-27e
In base 11, what is -5 - -2868?
2863
In base 13, what is 86 + 1b?
a4
In base 7, what is 4 - -1520?
1524
In base 15, what is 17 - -15?
2c
In base 8, what is 151 + 101?
252
In base 16, what is b + -7c?
-71
In base 7, what is 265 + 4?
302
In base 5, what is 0 + 41021?
41021
In base 6, what is 402 + -2?
400
In base 16, what is 5 + -24?
-1f
In base 7, what is 16 - -20?
36
In base 12, what is 413 + 5?
418
In base 5, what is 10 + 1340?
1400
In base 9, what is -27 + 41?
13
In base 2, what is -1001011000 + 0?
-1001011000
In base 16, what is 67 - 2?
65
In base 2, what is 100011101 - 1100?
100010001
In base 13, what is -2 + -50c?
-511
In base 8, what is 13471 + 3?
13474
In base 7, what is 4 + 252?
256
In base 5, what is -113 + 31?
-32
In base 7, what is -4 - -1546?
1542
In base 7, what is 120 - -13?
133
In base 2, what is -101001111 + -1100?
-101011011
In base 10, what is 45 + 297?
342
In base 14, what is -73 + -14?
-87
In base 8, what is -50 + 15?
-33
In base 15, what is -2 - -b?
9
In base 16, what is -1bd + 4?
-1b9
In base 13, what is 415 + 1?
416
In base 3, what is -2212 - 0?
-2212
In base 9, what is -6 - -106?
100
In base 15, what is -4 - -1117?
1113
In base 4, what is 32 - -3133?
3231
In base 2, what is 10111101 - -1?
10111110
In base 12, what is -94 - 12?
-a6
In base 6, what is -215 + -4?
-223
In base 10, what is -5 + -82?
-87
In base 3, what is -1000010 + 10?
-1000000
In base 16, what is 154 - -1?
155
In base 14, what is 1181 - 4?
117b
In base 8, what is 726 - 1?
725
In base 8, what is -4 + 710?
704
In base 6, what is 0 - -132?
132
In base 2, what is -110 - -1001111?
1001001
In base 11, what is -4 - 35?
-39
In base 10, what is -20 - 9?
-29
In base 4, what is 3210331 - -1?
3210332
In base 2, what is 0 + 10?
10
In base 8, what is -7660 + 4?
-7654
In base 15, what is -19 + -24?
-3d
In base 11, what is 626 - -1?
627
In base 6, what is -2 + -244?
-250
In base 2, what is 10111010010 + 101?
10111010111
In base 15, what is -115b + -3?
-115e
In base 3, what is -1022202 + 20?
-1022112
In base 14, what is -76 - -6?
-70
In base 12, what is -2 - -24b?
249
In base 13, what is -1 + 2067?
2066
In base 10, what is -3863 + -2?
-3865
In base 8, what is 1253 - 0?
1253
In base 14, what is 1 + 7c0?
7c1
In base 4, what is 1 + -201?
-200
In base 16, what is -2 + -62?
-64
In base 15, what is -dc - 4?
-e1
In base 12, what is 5 + -1735?
-1730
In base 11, what is -a47 + 10?
-a37
In base 2, what is 10101111 + -11?
10101100
In base 14, what is 2 - 9b?
-99
In base 4, what is 100 + 221?
321
In base 8, what is 4 + 66?
72
In base 5, what is -1 + -21?
-22
In base 6, what is -21 - 0?
-21
In base 11, what is 3 + -833?
-830
In base 2, what is 1100 + 1?
1101
In base 4, what is -11 - 1323?
-2000
In base 3, what is 102 + 10?
112
In base 9, what is 10555 + -5?
10550
In base 4, what is -3212 + 111?
-3101
In base 10, what is -1 + 230?
229
In base 9, what is -1 - -2?
1
In base 7, what is 0 + 11555?
11555
In base 14, what is -17 + -5?
-1c
In base 6, what is -24 - 2114?
-2142
In base 8, what is 36 + -5?
31
In base 11, what is 763 - 3?
760
In base 9, what is 1233 - -5?
1238
In base 5, what is -1110123 + 4?
-1110114
In base 12, what is 478 + -5?
473
In base 5, what is 3013 + 2?
3020
In base 7, what is -23502 + -3?
-23505
In base 4, what is -11 + 123?
112
In base 14, what is 3 + -11?
-c
In base 12, what is -7 + 97?
90
In base 12, what is -2b - -6?
-25
In base 9, what is 153 + -11?
142
In base 13, what is 3 - b?
-8
In base 7, what is 143 + 664?
1140
In base 3, what is -10 + 20201?
20121
In base 7, what is -1 - -155?
154
In base 8, what is 15 - -5?
22
In base 16, what is 1d + -47?
-2a
In base 14, what is 17b - -1?
17c
In base 15, what is 118a + 2?
118c
In base 10, what is -4 + -119?
-123
In base 13, what is -3 - c?
-12
In base 11, what is 5 - 132?
-128
In base 5, what is -3331 + 3?
-3323
In base 5, what is 10 - -333?
343
In base 4, what is -20 + 21?
1
In base 8, what is 3 + -416?
-413
In base 12, what is 1 - 321?
-320
In base 4, what is -10 - -233?
223
In base 2, what is -1010001110 - -10?
-1010001100
In base 12, what is -1 - 62?
-63
In base 6, what is 111 + -13?
54
In base 7, what is 3 - -255?
261
In base 3, what is -10 + 2202?
2122
In base 8, what is -564 - 3?
-567
In base 7, what is 0 - 260?
-260
In base 8, what is 2150 + -1?
2147
In base 8, what is -1 + -4?
-5
In base 3, what is -21 - -1010?
212
In base 10, what is -13 - -4?
-9
In base 9, what is 332 - 2?
330
In base 6, what is -313 + 10?
-303
In base 14, what is 1 + -79?
-78
In base 11, what is 80 - -9?
89
In base 2, what is -101 + -1001010100?
-1001011001
In base 16, what is -4 + 5d3?
5cf
In base 3, what is 1 - 222122?
-222121
In base 8, what is 56 - 112?
-34
In base 12, what is -23 - -a?
-15
In base 15, what is -3 - 65?
-68
In base 6, what is 0 + 10330?
10330
In base 6, what is 1 - 333?
-332
In base 6, what is -122 - -205?
43
In base 11, what is -3315 + 5?
-3310
In base 11, what is -6a - 1?
-70
In base 5, what is -2 - 20134?
-20141
In base 16, what is -5 + -c0?
-c5
In base 8, what is -2 - 144?
-146
In base 13, what is 2c + 58?
87
In base 12, what is -4 + -a2?
-a6
In base 7, what is -41 - 21?
-62
In base 9, what is -1 - -2252?
2251
In base 9, what is 1 + 206?
207
In base 7, what is -3 - -13251?
13245
In base 3, what is 2 - -100?
102
In base 5, what is -10 - 22113?
-22123
In base 15, what is -a - -9a?
90
In base 4, what is -12231 + 133?
-12032
In base 8, what is 5171 - 2?
5167
In base 9, what is 21 - 125?
-104
In base 10, what is 16 - -154?
170
In base 9, what is -5 - -1047?
1042
In base 2, what is 0 - -1111101011110?
1111101011110
In base 16, what is 4f + 3?
52
In base 16, what is 5 + 5b1?
5b6
In base 7, what is -114 - -400?
253
In base 5, what is 1 + 4220?
4221
In base 3, what is -